i = 18411 + 6889. Let j(p) = p**2 + 4. Suppose -4 = n, -34 = -3*s + 3*n - 10. Let u be j(s). Calculate the highest common factor of i and u.
20
Let h be (-4)/((-2)/(-18)*6). Let s be ((-9)/h)/(11/110). Suppose 0 = 4*m + 3*d - 108, -m + d + s = -5. Calculate the greatest common factor of 24 and m.
24
Let h = -60 + 74. Suppose -2*p + 48 = 4*z, 5*z = -h*p + 10*p + 60. Calculate the highest common factor of 192 and z.
12
Let n(l) = -62*l + 18. Let a be n(-4). Let w = a + -255. What is the highest common factor of w and 275?
11
Let z = -182 - -196. Suppose -4*v + 1960 - 224 = 0. Calculate the greatest common divisor of v and z.
14
Let s(i) = -i**2 + 8*i - 6. Let f be s(7). Let t be ((-2)/4 + f)/((-10)/460). Let g = t + 39. Calculate the highest common factor of g and 8.
8
Let a be (-1)/(-5)*(-740)/222*(-45 + 0). What is the highest common factor of 690 and a?
30
Suppose 53*h = -60*h + 104*h + 6912. Calculate the greatest common divisor of h and 240.
48
Suppose -401 = -c - 4*o, 5*c - 3*o + 5 - 2033 = 0. What is the greatest common factor of 80 and c?
5
Let u(i) be the first derivative of 10*i**3 + 21*i**2/2 + i + 63. Let f be u(-3). Calculate the greatest common divisor of f and 26.
26
Let i(x) = -14*x - 123. Let v be i(-28). Suppose 10*a - v = 101. Calculate the highest common divisor of 703 and a.
37
Let t be 2664/60 + 2/(-5). Let k be t/(-11) + 36/3. Suppose 0*h = 3*h - 4*o - 38, 0 = 4*o + k. Calculate the highest common divisor of h and 30.
10
Suppose -5*o + 9 = -11. Let c be (-4)/(-2) + o + -1 + 5. Calculate the highest common factor of 210 and c.
10
Suppose 5*q + 2*t - 20 = -2*t, 0 = t. Let z be 134 + (4/(-16) - 15/q). Suppose 45*h - 40*h - z = 0. Calculate the greatest common divisor of h and 26.
26
Suppose -5*f + 36 = s - 2*f, 4*s = -2*f + 124. Let b = -407 - -602. Calculate the highest common divisor of b and s.
15
Let b(r) = 13*r + 24*r**2 + 8 - 4*r - 22*r**2 + 9. Let u be b(-3). Calculate the highest common divisor of u and 8.
8
Suppose -33*d - 56 = -34*d. Suppose 0 = 2*x + 3*b + 69, 3*x + 162 = -4*b + d. Let r = x - -46. What is the highest common divisor of 1 and r?
1
Suppose 0 = 13*b - 55 + 3. Let q(d) = -225*d - 1. Let z be q(-1). Let n be (z/(-12))/(-7) - b/6. Calculate the highest common divisor of 2 and n.
2
Let v be ((-72)/(-108))/((-5)/(-300)). Calculate the highest common factor of 4030 and v.
10
Suppose -10*g - z + 355 = -8*g, -5*g + 4*z = -842. What is the greatest common divisor of 1653 and g?
87
Let t = 14391 - 11863. What is the highest common divisor of 395 and t?
79
Suppose 0 = 17*l + 50501 - 436639. Calculate the greatest common factor of l and 246.
82
Let f(j) = j**3 + 5*j**2 - 4*j - 6. Let m = 635 - 638. Let z be f(m). What is the greatest common divisor of 104 and z?
8
Suppose 0 = 4*h - 3*k + 573 - 2124, k - 1531 = -4*h. Let q be (-4454)/(-187) + (-4)/(-22). What is the greatest common divisor of h and q?
24
Suppose 63*p = -4*r + 68*p + 42, -3*p - 6 = 4*r. What is the highest common divisor of 2157 and r?
3
Let u = -59 - -62. Suppose 68 = 4*z - 4*v, 4*z = u*v + 23 + 49. Suppose 18 = a - 66. What is the highest common factor of a and z?
21
Suppose 0 = -4*z + 10*z. Let s(w) = z*w - 4*w - 3*w - 8 + 3*w. Let i be s(-10). What is the greatest common factor of 48 and i?
16
Suppose -4*g + 9*g = -5. Let x be (-3)/(g - (-16)/28 - 0). Suppose 0 = -x*l + 14*l - 756. Calculate the greatest common factor of 27 and l.
27
Let j be (6/5)/((-10)/(-500)). Let b be 156 + (-30)/(-15) + 7. What is the highest common factor of b and j?
15
Let o be (-4*(-4)/(-20))/((-3)/540). Suppose -4*j = 2*j - o. Calculate the greatest common factor of j and 216.
24
Suppose -7*x + 504 = 5*x - 3*i, -3*x + 5*i + 126 = 0. What is the highest common factor of 39774 and x?
42
Suppose 4*y = 3*r + 31, 3*y - 3*r = 49 - 22. Suppose -3*g + 16 = m, y*m = -0*m - 3*g + 82. Calculate the highest common factor of m and 88.
22
Let a(d) = -93*d + 2898. Let l be a(16). Calculate the highest common divisor of 180 and l.
30
Suppose -3*m = b - 516, 9*b = 2*m + 8*b - 344. Let i = 268 - m. Calculate the greatest common factor of 4 and i.
4
Suppose -6*b + 84 = -0*b. Suppose -3*x = l - 386, 2*x = 2*l - 613 - 119. What is the greatest common divisor of b and l?
7
Suppose -42 = -6*c + 18. Suppose -p = -c*p + 108. Calculate the greatest common factor of 18 and p.
6
Suppose -13*r - 3*g + 71 = -12*r, 3*g = 15. Let d = -165 + 445. Calculate the greatest common factor of d and r.
56
Let s = 1509 - 1485. Calculate the highest common factor of 56 and s.
8
Let i(n) = 3*n**2 - 9*n + 2377. Let s be i(68). What is the greatest common factor of 57 and s?
19
Suppose -4*i = -5*f - 57 + 89, i - 5 = -2*f. Let m = -13 + 21. Calculate the highest common factor of f and m.
4
Let m(r) = r + 94. Let h be m(36). Suppose 0 = -14*d + 12*d + h. Calculate the highest common divisor of 39 and d.
13
Suppose 439 = -16*t + 9605 - 430. Calculate the highest common factor of 325 and t.
13
Suppose 0 = -5*a + 118 + 92. Let y be 36/a*(1022 + 0). Let p be (-32)/(-176) - 1*y/(-22). Calculate the greatest common divisor of 5 and p.
5
Let j(o) = -6 + 11*o - 5 + 4 - 8. Let r(d) = 12*d - 16. Let z(i) = -6*j(i) + 5*r(i). Let x be z(-10). What is the highest common factor of 14 and x?
14
Suppose 0 = 11*a - 21*a - 3920. Let w be ((-34)/4)/(28/a). Calculate the highest common divisor of w and 34.
17
Let q(u) = -u**3 + 16*u**2 - 21*u + 11. Let r be q(14). Let b = r + -215. Let g = -66 - b. What is the greatest common factor of g and 100?
20
Let i(v) = 10*v**3 + v**2 - v - 2. Let h be i(2). Let m(k) = -k**3 + 143*k**2 + 2*k - 281. Let j be m(143). What is the highest common factor of h and j?
5
Let p = -12365 - -12536. What is the highest common factor of p and 2679?
57
Suppose -7*s + 27 = 6. Suppose -5*m + 4*m = -4*j + 120, -j = -s*m - 30. Let i = 181 + -31. Calculate the greatest common factor of j and i.
30
Suppose 44*r + 5704 = 90*r. What is the highest common divisor of r and 7781?
31
Let g = 123 - -218. Let h = g - 321. What is the greatest common factor of h and 500?
20
Let t(c) = 42*c + 13. Let f be t(5). Suppose -14*s - 83 + f = 0. What is the highest common factor of 35 and s?
5
Suppose 0 = -4*a - 5*z + 169, 6*z - 37 = -a + 3*z. Calculate the highest common factor of 1978 and a.
46
Let g = 26320 - 23713. What is the greatest common divisor of g and 88?
11
Suppose 3*d + 12*n - 158 = 14*n, -d + 31 = -5*n. Let v = -88 + 125. Suppose 4*x - f - 51 = 10, -f + v = 3*x. Calculate the greatest common factor of d and x.
14
Suppose 0 = 4*g + 2*b + 285 + 1013, -5*b = 3*g + 991. Let y = 329 + g. Calculate the highest common factor of 91 and y.
7
Let m(r) = 6*r**2 - 122*r - 54. Let z be m(21). What is the greatest common factor of z and 522?
6
Let h(d) = 32*d - 53. Let y be h(-6). Let k be -8*(y/20 + 4). What is the highest common divisor of 594 and k?
66
Suppose 39174 = 146*o + 9965 - 8605. What is the highest common divisor of o and 26677?
259
Let z = -3456 + 3615. What is the highest common divisor of z and 5088?
159
Let h = -754 + 756. Calculate the highest common factor of 718 and h.
2
Let f = 16 - -8. Suppose 29*z - 2290 = f*z. Suppose 5*r + 158 - z = 0. What is the highest common divisor of 12 and r?
12
Let b = 6 - 6. Suppose 4*f - 5*f + 18 = b. Let y = 1240 + -1186. Calculate the greatest common factor of y and f.
18
Let w(y) = 172*y - 3. Let d be (2 - (5 - 1)) + 4. Let o be w(d). Calculate the greatest common factor of 11 and o.
11
Suppose 3*t - 6*n - 1 = -4*n, -19 = -5*t - n. Let z be (0/(7 + -4))/t. Suppose z = w - 5*w + 128. What is the highest common divisor of 16 and w?
16
Let q(i) = -2*i**2 - 42*i + 8. Let c be q(0). Calculate the highest common factor of 56 and c.
8
Let i(f) = 6*f + 0 - 6*f + 16 - f. Let z be i(14). Suppose 2*y - 2*b = z*b + 152, -4*y + 316 = -5*b. Calculate the greatest common factor of y and 12.
12
Suppose -91819 = -60*h + 147881. Calculate the greatest common factor of 85 and h.
85
Suppose -2*r = d + 4, -3*d - 4 = 4*r + 2. Suppose -2*p + d + 6 = 0. Suppose 0 = -10*b - 35 + 75. What is the greatest common factor of p and b?
4
Suppose -w - 70 = -6*w. Suppose 104 - 7 = k. Let g = k - 95. Calculate the greatest common divisor of g and w.
2
Let i = -22779 - -25306. Calculate the greatest common 